x - 0*x + 15. Let v = 28 + x. What is the remainder when 23 is divided by v?
10
Let y(j) = -2*j - 2. Suppose k - v = 5*k + 25, 4*v + 20 = 0. Suppose 0 = -0*l - l + 15. Calculate the remainder when l is divided by y(k).
7
Suppose 0*f + 172 = 4*f. Let a = 27 - 12. Calculate the remainder when f is divided by a.
13
Calculate the remainder when (-24)/204 - 1056/(-17) is divided by 21.
20
Let o be 1 - 1*(0 - 2). Let w = 123 + -74. Suppose -4*z = -l - l + 22, -o*l + w = -2*z. What is the remainder when 37 is divided by l?
18
Let w(d) = 2*d**2 - d - 7. Let q(l) = -3*l - 8. Calculate the remainder when q(-7) is divided by w(3).
5
Suppose -4*q = -194 - 178. Calculate the remainder when q is divided by 12.
9
Calculate the remainder when 124 is divided by ((-21)/2)/(4/(-8)).
19
Let q = 2 - -2. Let n(v) = 4 - v - 6 + q + 6*v. What is the remainder when 35 is divided by n(2)?
11
Let u(g) = -4*g - 8. Suppose 0 = 2*k + 3 + 5, -3*k = -5*z - 63. Let m = -6 - z. Calculate the remainder when u(-6) is divided by m.
7
Suppose -m + 20 = 3*m - w, 0 = -3*m + w + 14. Calculate the remainder when 21 is divided by m.
3
Calculate the remainder when 34/3*(-24)/(-16) is divided by 7.
3
Let v(h) = 2*h**2 - 15*h - 13. Calculate the remainder when v(12) is divided by 24.
23
Let c = -9 - -18. Suppose 0 = -2*n, -4*i + 0*n + 2*n = -132. What is the remainder when i is divided by c?
6
Let n be 4/((-1)/((-9)/6)). Suppose -36 = 4*p - n*p. What is the remainder when 0 - (0 - 1 - 51) is divided by p?
16
Let t be -2 + 3 - (-3 + 0). Suppose 4*s + t = 0, 5*z = -s - 4*s + 45. Calculate the remainder when z is divided by 7.
3
Let k = -5 + -16. Let n = 47 + k. Suppose -r - 4*r + 70 = 0. What is the remainder when n is divided by r?
12
Suppose -3*g - 4*v = -53, -3*g + v = -2*g - 6. Let u = -7 + g. Suppose 0 = u*y + 14 - 82. What is the remainder when y is divided by 9?
8
Calculate the remainder when (4 + -2)/((-2)/(-19)) is divided by (-7)/((-3)/(-6)*-2).
5
Let y be ((-9)/12)/(1/(-4)). Suppose 3*b - y*n - 57 = 0, 5 = 2*b - 4*n - 41. Let z(i) = -i + 45. Calculate the remainder when z(16) is divided by b.
14
Suppose 5*f - 25 = 0, -3*t + 3*f + 4 = 1. Calculate the remainder when 143 is divided by t.
5
Suppose -5*n + 29 = -41. Suppose 45 = 4*v - 175. Calculate the remainder when v is divided by n.
13
Suppose -80 = -5*k + 5*d, k - 2*k + 3*d = -10. What is the remainder when k is divided by 7?
5
Let h(m) = 9*m - 7. Calculate the remainder when 76 is divided by h(3).
16
Let d(p) = -p**3 - p**2 + 7. Calculate the remainder when 11 is divided by d(0).
4
Suppose n - 148 = -3*n. Suppose -5*y + 3 = 3*z - 3, -y - 4 = -2*z. Suppose s = -5*q + 6*q - 12, -z*q = -s - 25. What is the remainder when n is divided by q?
11
Let i(v) = -3*v + 1. What is the remainder when 67 is divided by i(-11)?
33
Suppose -24 = -5*u + f + 135, 0 = -5*u - 3*f + 163. Calculate the remainder when u is divided by 8.
0
Let r(x) = x - 12. Let o be r(6). Suppose 4*z + 3*y = -2*y + 124, 0 = 3*z - 3*y - 66. What is the remainder when z is divided by (-3)/o*(1 + 27)?
12
Let z be (-6)/(-9) - 62/(-6). Suppose 0 = -3*f + 4*s + z, 0 = 2*f + 2*s - 0*s - 12. Suppose 56 = -a + f*a. Calculate the remainder when 41 is divided by a.
13
Let w = -2 - -21. Calculate the remainder when w is divided by 4.
3
Let k(g) = -5*g - 21. Calculate the remainder when k(-9) is divided by 13.
11
Let x = -6 + 8. Let w = 33 - x. Calculate the remainder when 59 is divided by w.
28
Suppose -23*l + 20*l + 270 = 0. Calculate the remainder when l is divided by 23.
21
Suppose -3*z + 12 = 0, -2*x - z + 3 = -5. Let k be (x/(-5))/((-1)/(-5)). What is the remainder when 46 is divided by k/(-7) - (-220)/14?
14
Let d = 17 + 55. Suppose 3*m = -m + d. Suppose -50 = 2*f - 7*f. What is the remainder when m is divided by f?
8
Let a be 4/(-6)*(7 + -1). Let c = a - -13. Suppose -j - 3*t = -16, 5*j - 31 = -4*t + 49. Calculate the remainder when j is divided by c.
7
Let q be 46/(-8) + (-2)/8. Let s be 4/(-10) - q/(-10). Let w = s - -2. Calculate the remainder when 1 is divided by w.
0
Let m = 2 - 4. What is the remainder when 1/(-1) - (m + -5) is divided by (-17)/(-5) + 39/65?
2
Let g = 39 - 20. Calculate the remainder when 35 is divided by g.
16
Let l be 522/(-33) + (-2)/11. Let s = 24 - l. What is the remainder when s is divided by 14?
12
Let j(b) = -9*b**3 + 13*b**2 + 11*b - 88. Let k(l) = 5*l**3 - 7*l**2 - 6*l + 44. Let r(c) = -6*j(c) - 11*k(c). What is the remainder when r(0) is divided by 15?
14
Let f = 142 + -86. What is the remainder when f is divided by 15?
11
Let u(r) = -r**3 + 9*r**2 - r + 11. Let k be u(9). Suppose 0 = -k*f + f + 25. What is the remainder when f is divided by 9?
7
Suppose -4*y + 3*j + 44 = 7*j, -y + 4*j - 4 = 0. What is the remainder when 31 is divided by y?
7
Let h(p) = 2*p - 2. Let u(y) = -y**3 + 20*y**2 + 30*y - 177. Calculate the remainder when u(21) is divided by h(3).
0
Suppose 8*y + 68 = 12*y. What is the remainder when 82 is divided by y?
14
Suppose -5*c + 4*c + 1 = 0, -5*q + c = -104. Let m(p) = -6*p**2 + 38*p - 1. What is the remainder when q is divided by m(6)?
10
Suppose r + 4 = 10. Let n = 18 - 14. Calculate the remainder when r is divided by n.
2
Let c = -5 + 2. Let j = c - -3. Suppose -5*p - s + 2*s + 92 = j, 5*p - 5*s - 100 = 0. What is the remainder when p is divided by 10?
8
Let i(s) = s**2 + 7*s - 7. Let o be 3/(6/(-2)) + 7. What is the remainder when i(o) is divided by 24?
23
Suppose 28 - 122 = -2*z. Calculate the remainder when z is divided by 10.
7
Let r(a) = -a + 2. Let q(t) = -t + 3. Let w(m) = -2*q(m) + 3*r(m). What is the remainder when 11 is divided by w(-4)?
3
Suppose -2*i + 5*i = 5*c + 63, -21 = -i + 4*c. What is the remainder when i is divided by 4?
1
Let z(u) = u**2 - 11*u - 2. Let s be z(11). Calculate the remainder when 3/(-1 + s) - -34 is divided by 12.
9
Let b = -7 + 3. Let p be b/(-6)*(-15)/10. Let t = 3 + p. Calculate the remainder when 3 is divided by t.
1
Suppose 23 = 3*u - 2*h, h = -u - 3*h - 11. Calculate the remainder when u is divided by 2.
1
Let t = 87 + -78. Calculate the remainder when 16 is divided by t.
7
Let y = 13 - -13. Let i = 3 - 3. Calculate the remainder when y is divided by -1*i/(-1) - -7.
5
Let u = 134 + -72. What is the remainder when u is divided by 9?
8
Let g(p) = 3*p + 19. Suppose -4*r - 3*q = -92, -3*r - 5*q = -101 + 21. Calculate the remainder when g(6) is divided by r.
17
Let x(l) = -l**2 + 10*l + 13. Suppose 4*b - 8*b = -36. Let h be x(b). Let p = h - 16. What is the remainder when p is divided by 4?
2
Let n = 14 + -5. Suppose -3*y - n = -4*y. Calculate the remainder when y is divided by 5.
4
Suppose 77 = -5*y - 3*a + a, 5*a = 2*y + 25. What is the remainder when (-6)/y - (-444)/15 is divided by 16?
14
Let r(y) = -y**3 + 20*y**2 - 14*y - 17. Calculate the remainder when r(19) is divided by 27.
24
Suppose 2*d + 5*u + 3 = 0, 5*d + u = -17 + 67. What is the remainder when d is divided by 7?
4
Let a(v) = 8*v**2 - 2*v - 1. Suppose 2*d = 3*d + 3*b - 40, -5*b = 5*d - 150. What is the remainder when d is divided by a(-1)?
7
Suppose 2*h + 975 = 15*h. Let j = 9 + 10. What is the remainder when h is divided by j?
18
Let h = 160 - 14. What is the remainder when h is divided by 21?
20
Let m(c) = -c**3 - 7*c**2 + 9*c - 2. Let q be m(-8). Let u be ((-3)/(-5))/((-2)/q). Let g = u + 4. What is the remainder when 13 is divided by g?
6
Let g(c) = -2*c**2 - c. Let r be g(1). Let k(j) = j + 7. Let l = 156 + -154. What is the remainder when k(r) is divided by l?
0
Suppose 0 = 4*w + w - 135. Suppose f = m + 16, 4*f = m + 22 + w. Calculate the remainder when f is divided by 6.
5
Let c be (-2)/(-4)*0 - -30. Let p = -6 - -14. Calculate the remainder when 11 is divided by (-2)/(-8) + c/p.
3
Let w(t) = 2*t**2 + 9*t + 28. What is the remainder when 93 is divided by w(-3)?
17
Let o(s) = -s**2 + 9*s + 2. Let t be o(8). Suppose -5*a - 60 = -t*a. Suppose -2*g + 56 = 12. What is the remainder when g is divided by a?
10
Let q(x) = x**2 + 7*x + 2. Let z be q(-6). Calculate the remainder when 6*(0 - 6/z) is divided by (-2 + 1)/1*(4 + -9).
4
Let c(z) = -z**3 - 2*z - 2. What is the remainder when c(-3) is divided by 8?
7
Suppose -v + 9 = -f - 5, 5*v + 5*f - 100 = 0. Suppose -2*i - 36 = -6*i. Calculate the remainder when v is di